e tens digit of j?
4
Let k be 0 - 3*2/(-3). Suppose k*s = -3*s. What is the units digit of (-2)/(-2) + 2 + s?
3
Let v(p) = 2*p**2 + 11*p - 9. Let l be v(-10). Suppose -l = -3*h - 0*h. What is the units digit of h?
7
Suppose -31 = -s - 3*i, 0*s + i = -3*s + 125. What is the units digit of s?
3
Let q be 6 + (-2 - -1) + -1. Suppose q*n - 8 = 2*n. What is the units digit of -2*(14/n)/(-1)?
7
Suppose 0 = 5*i - 56 - 109. What is the tens digit of i?
3
Suppose -3*g - 181 = -2*y, -g = -2*g - 4*y - 79. What is the units digit of g/(-28)*(-56)/(-3)?
2
What is the units digit of (-2 + 4 + -3)/(-1)?
1
What is the units digit of ((-13)/(-26))/(2/264)?
6
Let a = 71 - 66. What is the units digit of a?
5
Suppose -4*s = -113 - 15. Let y = s + -20. What is the units digit of y?
2
Let n(r) = r**3 + r**2 - r - 11. Let i be n(0). Let s = -7 - i. What is the units digit of s?
4
Suppose -4*a = -3*x - 35, -2*x + 14 = 4*a - 2*a. Let q = a + -4. Suppose j = -q*j + 10. What is the units digit of j?
2
Suppose -5*u + 2*w + 118 - 5 = 0, 0 = -5*u - w + 116. What is the tens digit of u?
2
Let m(h) = -h - 5. Let x(i) = 1. Let r(s) = -m(s) + 4*x(s). What is the units digit of r(9)?
8
Let s(a) be the third derivative of -5*a**4/8 + a**3/6 + 2*a**2. What is the tens digit of s(-1)?
1
Let t(o) = 2*o**2 - o - 6. What is the tens digit of t(6)?
6
Let m be (-3)/2*(2 + -4). What is the units digit of (16/m)/((-2)/(-3))?
8
Suppose m - 82 = 2*i + 42, -3*m = 2*i - 396. What is the tens digit of m?
3
Let y be -3 - (3/(-3) - 2). What is the tens digit of 0 - ((y - 16) + -1)?
1
Let o(h) = 5*h - 18. What is the units digit of o(10)?
2
Let x(c) = 2*c + 26. What is the units digit of x(-12)?
2
Let y be 8/((-2)/4*-4). Suppose -35 = -y*w - w. What is the units digit of w?
7
Let q = 16 - -11. What is the tens digit of q?
2
Let k(h) be the third derivative of h**6/120 + h**5/6 + h**4/24 + 2*h**3 + h**2. What is the units digit of k(-10)?
2
Let d(q) = 2*q - 9. What is the tens digit of d(10)?
1
Suppose 2*r + 1 = 19. Suppose -s = -30 + r. Let o = -13 + s. What is the units digit of o?
8
What is the tens digit of ((5 - 4)*-23)/(-1)?
2
Let n be 1*2/4*4. Let q(o) = -o - 1. Let c(j) = 4*j + 1. Let z(l) = 3*c(l) + 6*q(l). What is the units digit of z(n)?
9
Suppose 0*l + 2*l - 10 = 0. Let h be (4/l)/((-10)/(-25)). Suppose h*r = 4 + 2. What is the units digit of r?
3
Suppose 0 = 2*p + p - 48. Let g = p + -5. Let b = 19 - g. What is the units digit of b?
8
Let z(g) = -g**3 + 6*g**2 - 7*g + 6. Let j be z(5). What is the units digit of (6/(-1))/(-2) - j?
7
Let f(m) = m**3 - 5*m**2 - 6*m + 2. Let u be f(6). Let d be (-2)/(-4) - (-17)/u. Suppose 5*w = -25, d*s - 5*w = 4*s + 50. What is the units digit of s?
5
What is the tens digit of 1 + (-5 - -5 - -55)?
5
Let a be -2 - (-2 + -2 + 3). What is the tens digit of a/(-2)*34 - -2?
1
Suppose 4*h - 60 = -h. What is the units digit of h?
2
Let y(p) = -p**2 - 9*p - 2. Let b be y(-9). Let i be 2 + 1 + (b - -2). Suppose m - 3*m + 44 = i*q, 5*q = 20. What is the units digit of m?
6
Let c(m) = m**2 + 2*m - 1. Let f be c(-3). Suppose 0 = f*y + y - 66. What is the tens digit of y?
2
Suppose 0 = 5*n - 3*n. Suppose 4*y - q - 4*q - 171 = n, -q = 3. What is the tens digit of y?
3
Suppose 3*a = 5*w + 256, 0 = 4*a + 5*w - 477 + 89. What is the units digit of a?
2
Let t(r) be the first derivative of -r**4/4 + 7*r**3/3 - 5*r**2/2 + 9*r + 3. What is the units digit of t(6)?
5
Suppose -12 = -4*z + 3*a - 1, -2*z + 3*a = -7. Suppose -z*d + h - 4*h + 49 = 0, -h = -3*d + 101. What is the tens digit of d?
3
Let x(t) = -t**2 + 5*t + 8. Let m be x(7). Let g = -2 - m. Let j = 16 + g. What is the tens digit of j?
2
Let i = 6 + -5. Suppose -4*g - 5 + i = 0. Let u(c) = 3*c**2 + c. What is the units digit of u(g)?
2
Let a = -5 - -8. Suppose 0*b + 44 = r - a*b, -3*r - 5*b + 76 = 0. What is the units digit of r/4 - (1 + 1)?
6
Let q be (-2)/4*48/(-8). Suppose -5*s - q*x = x - 9, -2*x = s + 3. What is the units digit of s?
5
Let c(j) be the first derivative of j**2/2 + 3*j - 2. Let o be c(0). Suppose r = o - 1. What is the units digit of r?
2
Let x(u) = -u**3 + 9*u**2 - 11*u + 15. Let c be x(7). Let a = 0 + c. What is the tens digit of a?
3
Suppose 3*p + 4 = p. Let x = p + 8. What is the units digit of x?
6
Suppose -51 = -5*a - 3*v, 2*v - 7*v - 26 = -4*a. What is the units digit of a?
9
Suppose 73 + 7 = 4*k. Suppose 6*s - 2*s - k = 0. What is the units digit of s?
5
What is the units digit of (24/(-15))/4 + (-1011)/(-15)?
7
Suppose -3*j = -6*j + 21. Suppose -5*b + 11 = -n, 0*b - 3*b = -4*n + j. What is the units digit of b?
3
Suppose -c + 4 = h, h + 0*h = -4*c + 7. Suppose 3*u = h*k + 60, 96 = 5*u - k - 16. What is the units digit of u?
3
Let j(t) = t. Let n be j(0). Suppose n = -3*m - 18 - 9. Let v = m + 13. What is the units digit of v?
4
Suppose -4*a = -2*x + 22, 2*x - 7*x = -3*a - 90. What is the units digit of (-4)/7*x/(-6)?
2
What is the tens digit of (19/2)/((-1)/(-2))?
1
Let g = 9 - 19. Let k = 17 + g. What is the units digit of k?
7
Let h = 2 + 0. Suppose -23 = -h*s + 7. What is the tens digit of s?
1
What is the units digit of 3 + (-27)/(-3) - 0?
2
Let z(h) = 0*h**2 + 10*h - 4 - 5*h + 2*h**2. Let k be z(-5). Suppose w + 4 - k = 0. What is the units digit of w?
7
Suppose 2*v = -4*h - 6 - 4, 2*h + 3*v + 7 = 0. Suppose c - 4 = 3*c. What is the units digit of h + (c/(-1) - -2)?
2
Let y(l) be the first derivative of l**5/60 - 3*l**4/8 - 7*l**3/3 + 3*l**2/2 + 1. Let w(q) be the second derivative of y(q). What is the units digit of w(11)?
8
Suppose -3 - 3 = -2*f. Suppose -f*k = -2*b + 40, -4*b = -0*k - 3*k - 74. What is the tens digit of b?
1
Let i be -1 + 2 + -3 + -1. Let s be 30/(-8) + i/12. Let l = 3 - s. What is the units digit of l?
7
Let q(l) = -8*l. Suppose 0 = 2*p + 2*p + 8. Let b be q(p). Suppose 5*j = 3*i + b, -2*i + 17 - 6 = j. What is the units digit of j?
5
Let r = 12 + -9. Suppose 0 = 2*t + 2*u - 4*u - 48, r*u = 4*t - 92. What is the tens digit of t?
2
Let x(i) = 33*i**2 - i + 1. Let g be x(1). Suppose 3*a - 3*c + 0*c = g, 3*a - 5*c - 33 = 0. What is the tens digit of a?
1
Let w(c) = -5*c - 2. Suppose 78 - 28 = 5*z. Suppose -3*b + z = -8*b. What is the units digit of w(b)?
8
Suppose n = -3*g - 11, 25 = 5*n + g + 10. What is the units digit of ((-12)/5)/(n/(-10))?
6
What is the units digit of (16 - -35) + 3 + 0?
4
Let m(v) = v**3 - 3*v**2 + 5*v - 3. Suppose -12 = -4*g - 5*j, -3*g + 3*j + 6 = -g. What is the tens digit of m(g)?
1
Let i = 4 + -20. Let k = i - -10. Let o(a) = -a**2 - 8*a - 4. What is the units digit of o(k)?
8
Let s = 76 + -54. What is the units digit of s?
2
Let w(q) = -q + 1. Let n be w(-4). Suppose -3*v + 10 = n*x + 2, -3*x + 4 = v. Let t = x - -2. What is the units digit of t?
3
What is the tens digit of (-51)/(-2)*(-4)/(-6)?
1
Let b(y) be the third derivative of y**6/360 - y**5/120 + y**4/3 - y**3/3 + 3*y**2. Let m(x) be the first derivative of b(x). What is the units digit of m(0)?
8
Suppose 7*c - 6*c = 33. Let h = c + -12. What is the units digit of h?
1
Let k(h) = -2*h + 2. Suppose -l + 1 + 1 = 0. Let a be k(l). What is the units digit of 5/a*(0 + -2)?
5
Let m(d) = -15*d**2 - d. Let s(k) = 46*k**2 + 2*k - 1. Let u(j) = -7*m(j) - 2*s(j). Let n be u(-2). Let t = n + -29. What is the tens digit of t?
1
Let b be (-1 - 14/(-10))*10. Let z be 2 - (-65)/(-35) - (-54)/14. Suppose 5*v - 2*o - 37 = 0, b*v + o = z*o + 31. What is the units digit of v?
7
Suppose 4*u - 20 = -u. Suppose -26 - 30 = -u*p. What is the tens digit of p?
1
Suppose -4*z + z + 36 = 0. Suppose -4*y - z = -64. What is the tens digit of y?
1
Let h = 32 - 38. Suppose -t - 2*r = t - 12, 3*r + 6 = 0. What is the units digit of ((-4)/h)/(t/84)?
7
Let t be (-3)/(-6) - 9/(-2). Suppose -3 = -t*r + 7. Suppose g - 40 = -4*b - 3*g, 18 = r*b + g. What is the units digit of b?
8
Suppose 4*c + 15 + 21 = 0. What is the units digit of ((-36)/c)/((-2)/(-16))?
2
Let y(k) = k**2 - 3*k + 3. Let v be y(3). Suppose 3*m = -s + 6, -4*m + 3*s + 8 = -0. Suppose -v = j + m*l, 0 = -l - 0*l - 2. What is the units digit of j?
1
Suppose -1 - 11 = -3*g. Suppose -g*k + 46 = -34. What is the tens digit of k?
2
Let t(s) = -1. Let u(d) = d - 13. Let m be u(9). Let r(a) = -a - 10. Let j(v) = m*t(v) + r(v). What is the units digit of 